{"id":80,"date":"2023-01-11T15:52:46","date_gmt":"2023-01-11T15:52:46","guid":{"rendered":"https:\/\/dr-schleicher.staging.hrnetzwerk.de\/?page_id=80"},"modified":"2024-03-05T11:57:22","modified_gmt":"2024-03-05T11:57:22","slug":"firmenentwicklung","status":"publish","type":"page","link":"https:\/\/dr-schleicher.staging.hrnetzwerk.de\/index.php\/firmenentwicklung\/","title":{"rendered":"Firmenentwicklung"},"content":{"rendered":"<p>[et_pb_section fb_built=&#8220;1&#8243; admin_label=&#8220;Hero&#8220; _builder_version=&#8220;4.19.4&#8243; background_color=&#8220;#084666&#8243; use_background_color_gradient=&#8220;on&#8220; background_color_gradient_direction=&#8220;170deg&#8220; background_color_gradient_stops=&#8220;#002e4f 1%|rgba(8,70,102,0.8) 100%&#8220; background_color_gradient_overlays_image=&#8220;on&#8220; background_color_gradient_start=&#8220;#002e4f&#8220; background_color_gradient_start_position=&#8220;1%&#8220; background_color_gradient_end=&#8220;rgba(8,70,102,0.8)&#8220; background_image=&#8220;http:\/\/dr-schleicher.staging.hrnetzwerk.de\/wp-content\/uploads\/2023\/01\/planning-ge3e1dc766_1920.jpg&#8220; custom_padding=&#8220;|||&#8220; global_colors_info=&#8220;{}&#8220;][et_pb_row _builder_version=&#8220;4.16&#8243; background_size=&#8220;initial&#8220; background_position=&#8220;top_left&#8220; background_repeat=&#8220;repeat&#8220; custom_padding=&#8220;2px|0px|0px|0px|false|false&#8220; global_colors_info=&#8220;{}&#8220;][et_pb_column type=&#8220;4_4&#8243; _builder_version=&#8220;4.16&#8243; custom_padding=&#8220;|||&#8220; global_colors_info=&#8220;{}&#8220; custom_padding__hover=&#8220;|||&#8220;][et_pb_text _builder_version=&#8220;4.24.2&#8243; text_font=&#8220;||||||||&#8220; text_font_size=&#8220;20px&#8220; text_line_height=&#8220;1.8em&#8220; header_font=&#8220;Open Sans|800|||||||&#8220; header_font_size=&#8220;60px&#8220; header_line_height=&#8220;1.3em&#8220; background_size=&#8220;initial&#8220; background_position=&#8220;top_left&#8220; background_repeat=&#8220;repeat&#8220; background_layout=&#8220;dark&#8220; custom_margin=&#8220;|-75px||||&#8220; custom_margin_tablet=&#8220;|100px||&#8220; custom_margin_phone=&#8220;|30px||&#8220; custom_margin_last_edited=&#8220;off|desktop&#8220; custom_padding=&#8220;||1px|||&#8220; hover_enabled=&#8220;0&#8243; header_font_size_tablet=&#8220;50px&#8220; header_font_size_phone=&#8220;40px&#8220; header_font_size_last_edited=&#8220;on|phone&#8220; header_line_height_tablet=&#8220;&#8220; header_line_height_phone=&#8220;&#8220; header_line_height_last_edited=&#8220;on|desktop&#8220; global_colors_info=&#8220;{}&#8220; sticky_enabled=&#8220;0&#8243;]<\/p>\n<h2><strong>F<span style=\"font-size: xx-large;\">irmenentwicklung<\/span><\/strong><\/h2>\n<p>[\/et_pb_text][\/et_pb_column][\/et_pb_row][et_pb_row use_custom_gutter=&#8220;on&#8220; _builder_version=&#8220;4.24.2&#8243; background_color=&#8220;#4e7c97&#8243; background_image=&#8220;http:\/\/dr-schleicher.staging.hrnetzwerk.de\/wp-content\/uploads\/2023\/01\/Accountant-Image-38.png&#8220; custom_margin=&#8220;||1px||false|false&#8220; custom_padding=&#8220;29px|0%|29px|0%|true|true&#8220; animation_style=&#8220;slide&#8220; animation_direction=&#8220;right&#8220; animation_delay=&#8220;200ms&#8220; animation_intensity_slide=&#8220;10%&#8220; hover_enabled=&#8220;0&#8243; global_colors_info=&#8220;{}&#8220; sticky_enabled=&#8220;0&#8243;][et_pb_column type=&#8220;4_4&#8243; _builder_version=&#8220;4.16&#8243; custom_padding=&#8220;|||&#8220; global_colors_info=&#8220;{}&#8220; custom_padding__hover=&#8220;|||&#8220;][et_pb_text _builder_version=&#8220;4.19.4&#8243; _module_preset=&#8220;default&#8220; text_text_color=&#8220;#FFFFFF&#8220; text_font_size=&#8220;18px&#8220; text_letter_spacing=&#8220;1px&#8220; header_text_color=&#8220;#FFFFFF&#8220; header_3_text_color=&#8220;#FFFFFF&#8220; global_colors_info=&#8220;{}&#8220;]<\/p>\n<div class=\"col-md-12\">\n<div class=\"container\">\n<div class=\"row\">\n<div class=\"col-sm-12\">\n<div class=\"row\">\n<div class=\"col-sm-8\">\n<p><span style=\"font-size: medium;\">Die in den 50er Jahren nach Gr\u00fcndung des Unternehmens im Raum Gronau und Umgebung gewonnenen Erfahrungen \u00fcber die regionalen Boden- und Grundwasserverh\u00e4ltnisse wurden konsequent durch einen gr\u00f6\u00dferen Wirkungsradius und ein breiteres T\u00e4tigkeitsspektrum erweitert.<\/span><\/p>\n<p><span style=\"font-size: medium;\">Zahlreiche Projekte in Niedersachsen wie z. B. Pipelinebau, Untersuchungen f\u00fcr die Erd\u00f6l-\/Erdgasindustrie und Energieversorgung f\u00fchrten zur Einrichtung eines weiteren B\u00fcrostandortes in Lingen. Seit 1972 werden Projekte insbesondere im Emsland vom B\u00fcro in Lingen aus bearbeitet.<\/span><\/p>\n<p><span style=\"font-size: medium;\">Das zun\u00e4chst als Baugrundb\u00fcro vom Firmengr\u00fcnder alleine gef\u00fchrte Unternehmen bekam 1968 mit dem Diplom-Geologen Dr. Rajendra JHAVERI (\u2020) Verst\u00e4rkung und wurde zur GmbH. Im Jahr 2019 \u00fcbernahmen M.Sc. Geow. Thomas Helmes und M.Sc. Geow. Kai Nieland mit dem bestehenden Gesch\u00e4ftsf\u00fchrer Diplom-Geologe Andreas Beunink die Geschicke des Unternehmens. Die in aktuell 65 Jahren im Raum Gronau und Emsland gewonnenen Erfahrungen \u00fcber die regionalen Boden- und Grundwasserverh\u00e4ltnisse wurden konsequent durch einen gr\u00f6\u00dferen Wirkungsradius und ein breiteres T\u00e4tigkeitsspektrum erweitert.<\/span><\/p>\n<p><span style=\"font-size: medium;\">Das Kerngesch\u00e4ft unseres Unternehmens besteht aus geotechnischen Untersuchungen und Consulting z.B. f\u00fcr Industriebauwerke, Kanal-\/Stra\u00dfenbau, Wohn-\/B\u00fcrogeb\u00e4ude, Industrieanlagen, Pipelinebau, Windenergieanlagen und Br\u00fccken. Hinzugekommen sind wasserwirtschaftliche Untersuchungen f\u00fcr \u00f6ffentliche Versorger und die Privatwirtschaft sowie Altlastenprojekte, Fl\u00e4chenrecycling und die Untersuchung von Geb\u00e4udeschadstoffen bei R\u00fcckbauma\u00dfnahmen sowie Sanierungen im Bestand. Wir erstellen f\u00fcr unsere Auftraggeber Ausschreibungen f\u00fcr Erdbau, Schadstoffsanierungen und R\u00fcckbau mit anschlie\u00dfender fachgutachterlicher Baubegleitung\/\u00dcberwachung bei der Ausf\u00fchrung (Kontrollanalysen, Rechnungspr\u00fcfung, Dokumentation, Arbeits- und Sicherheitspl\u00e4ne).<\/span><\/p>\n<p><span style=\"font-size: medium;\">Die Gesch\u00e4ftsfelder umfassen die Themenbereiche:<\/span><\/p>\n<ul>\n<li><span style=\"font-size: medium;\">1.Baugrund \/ Geotechnik<\/span><\/li>\n<li><span style=\"font-size: medium;\">2.Umwelt \/ Altlasten<\/span><\/li>\n<li><span style=\"font-size: medium;\">3.Hydrogeologie \/ Wasserwirtschaft<\/span><\/li>\n<li><span style=\"font-size: medium;\">4.Geb\u00e4uder\u00fcckbau \/ Sanierung im Bestand<\/span><\/li>\n<\/ul>\n<p><span style=\"font-size: medium;\">Die Ingenieurgesellschaft Dr. Schleicher &amp; Partner wird sich auch in Zukunft auf die Kernkompetenz in den Bereichen Baugrund-\/Gr\u00fcndungsberatung sowie Hydrogeologie und Umweltschutz konzentrieren, um ihren Kunden wirtschaftliche Leistungen auf h\u00f6chstem Niveau zu bieten. <\/span><\/p>\n<p><span style=\"font-size: medium;\">Nutzen Sie die reichen Erfahrungen eines eingespielten Teams zu Ihrem Vorteil!<\/span><\/p>\n<\/div>\n<div class=\"col-sm-4\"><\/div>\n<\/div>\n<\/div>\n<\/div>\n<\/div>\n<\/div>\n<p>[\/et_pb_text][\/et_pb_column][\/et_pb_row][\/et_pb_section]<\/p>\n","protected":false},"excerpt":{"rendered":"<p>Firmenentwicklung Die in den 50er Jahren nach Gr\u00fcndung des Unternehmens im Raum Gronau und Umgebung gewonnenen Erfahrungen \u00fcber die regionalen Boden- und Grundwasserverh\u00e4ltnisse wurden konsequent durch einen gr\u00f6\u00dferen Wirkungsradius und ein breiteres T\u00e4tigkeitsspektrum erweitert. Zahlreiche Projekte in Niedersachsen wie z. B. Pipelinebau, Untersuchungen f\u00fcr die Erd\u00f6l-\/Erdgasindustrie und Energieversorgung f\u00fchrten zur Einrichtung eines weiteren B\u00fcrostandortes in [&hellip;]<\/p>\n","protected":false},"author":4,"featured_media":0,"parent":0,"menu_order":0,"comment_status":"closed","ping_status":"closed","template":"","meta":{"_et_pb_use_builder":"on","_et_pb_old_content":"","_et_gb_content_width":"","footnotes":""},"class_list":["post-80","page","type-page","status-publish","hentry"],"yoast_head":"<!-- This site is optimized with the Yoast SEO plugin v22.2 - https:\/\/yoast.com\/wordpress\/plugins\/seo\/ -->\n<title>Firmenentwicklung - STAGING Schleicher<\/title>\n<meta name=\"robots\" content=\"noindex, follow, max-snippet:-1, max-image-preview:large, max-video-preview:-1\" \/>\n<meta property=\"og:locale\" content=\"de_DE\" \/>\n<meta property=\"og:type\" content=\"article\" \/>\n<meta property=\"og:title\" content=\"Firmenentwicklung - STAGING Schleicher\" \/>\n<meta property=\"og:description\" content=\"Firmenentwicklung Die in den 50er Jahren nach Gr\u00fcndung des Unternehmens im Raum Gronau und Umgebung gewonnenen Erfahrungen \u00fcber die regionalen Boden- und Grundwasserverh\u00e4ltnisse wurden konsequent durch einen gr\u00f6\u00dferen Wirkungsradius und ein breiteres T\u00e4tigkeitsspektrum erweitert. Zahlreiche Projekte in Niedersachsen wie z. B. Pipelinebau, Untersuchungen f\u00fcr die Erd\u00f6l-\/Erdgasindustrie und Energieversorgung f\u00fchrten zur Einrichtung eines weiteren B\u00fcrostandortes in [&hellip;]\" \/>\n<meta property=\"og:url\" content=\"https:\/\/dr-schleicher.staging.hrnetzwerk.de\/index.php\/firmenentwicklung\/\" \/>\n<meta property=\"og:site_name\" content=\"STAGING Schleicher\" \/>\n<meta property=\"article:modified_time\" content=\"2024-03-05T11:57:22+00:00\" \/>\n<meta name=\"twitter:card\" content=\"summary_large_image\" \/>\n<meta name=\"twitter:label1\" content=\"Gesch\u00e4tzte Lesezeit\" \/>\n\t<meta name=\"twitter:data1\" content=\"3\u00a0Minuten\" \/>\n<script type=\"application\/ld+json\" class=\"yoast-schema-graph\">{\"@context\":\"https:\/\/schema.org\",\"@graph\":[{\"@type\":\"WebPage\",\"@id\":\"https:\/\/dr-schleicher.staging.hrnetzwerk.de\/index.php\/firmenentwicklung\/\",\"url\":\"https:\/\/dr-schleicher.staging.hrnetzwerk.de\/index.php\/firmenentwicklung\/\",\"name\":\"Firmenentwicklung - STAGING Schleicher\",\"isPartOf\":{\"@id\":\"https:\/\/dr-schleicher.staging.hrnetzwerk.de\/#website\"},\"datePublished\":\"2023-01-11T15:52:46+00:00\",\"dateModified\":\"2024-03-05T11:57:22+00:00\",\"breadcrumb\":{\"@id\":\"https:\/\/dr-schleicher.staging.hrnetzwerk.de\/index.php\/firmenentwicklung\/#breadcrumb\"},\"inLanguage\":\"de\",\"potentialAction\":[{\"@type\":\"ReadAction\",\"target\":[\"https:\/\/dr-schleicher.staging.hrnetzwerk.de\/index.php\/firmenentwicklung\/\"]}]},{\"@type\":\"BreadcrumbList\",\"@id\":\"https:\/\/dr-schleicher.staging.hrnetzwerk.de\/index.php\/firmenentwicklung\/#breadcrumb\",\"itemListElement\":[{\"@type\":\"ListItem\",\"position\":1,\"name\":\"Startseite\",\"item\":\"https:\/\/dr-schleicher.staging.hrnetzwerk.de\/\"},{\"@type\":\"ListItem\",\"position\":2,\"name\":\"Firmenentwicklung\"}]},{\"@type\":\"WebSite\",\"@id\":\"https:\/\/dr-schleicher.staging.hrnetzwerk.de\/#website\",\"url\":\"https:\/\/dr-schleicher.staging.hrnetzwerk.de\/\",\"name\":\"STAGING Schleicher\",\"description\":\"\",\"publisher\":{\"@id\":\"https:\/\/dr-schleicher.staging.hrnetzwerk.de\/#organization\"},\"potentialAction\":[{\"@type\":\"SearchAction\",\"target\":{\"@type\":\"EntryPoint\",\"urlTemplate\":\"https:\/\/dr-schleicher.staging.hrnetzwerk.de\/?s={search_term_string}\"},\"query-input\":\"required name=search_term_string\"}],\"inLanguage\":\"de\"},{\"@type\":\"Organization\",\"@id\":\"https:\/\/dr-schleicher.staging.hrnetzwerk.de\/#organization\",\"name\":\"STAGING Schleicher\",\"url\":\"https:\/\/dr-schleicher.staging.hrnetzwerk.de\/\",\"logo\":{\"@type\":\"ImageObject\",\"inLanguage\":\"de\",\"@id\":\"https:\/\/dr-schleicher.staging.hrnetzwerk.de\/#\/schema\/logo\/image\/\",\"url\":\"https:\/\/i0.wp.com\/dr-schleicher.staging.hrnetzwerk.de\/wp-content\/uploads\/2023\/01\/logo.jpg?fit=529%2C107&ssl=1\",\"contentUrl\":\"https:\/\/i0.wp.com\/dr-schleicher.staging.hrnetzwerk.de\/wp-content\/uploads\/2023\/01\/logo.jpg?fit=529%2C107&ssl=1\",\"width\":529,\"height\":107,\"caption\":\"STAGING Schleicher\"},\"image\":{\"@id\":\"https:\/\/dr-schleicher.staging.hrnetzwerk.de\/#\/schema\/logo\/image\/\"}}]}<\/script>\n<!-- \/ Yoast SEO plugin. -->","yoast_head_json":{"title":"Firmenentwicklung - STAGING Schleicher","robots":{"index":"noindex","follow":"follow","max-snippet":"max-snippet:-1","max-image-preview":"max-image-preview:large","max-video-preview":"max-video-preview:-1"},"og_locale":"de_DE","og_type":"article","og_title":"Firmenentwicklung - STAGING Schleicher","og_description":"Firmenentwicklung Die in den 50er Jahren nach Gr\u00fcndung des Unternehmens im Raum Gronau und Umgebung gewonnenen Erfahrungen \u00fcber die regionalen Boden- und Grundwasserverh\u00e4ltnisse wurden konsequent durch einen gr\u00f6\u00dferen Wirkungsradius und ein breiteres T\u00e4tigkeitsspektrum erweitert. Zahlreiche Projekte in Niedersachsen wie z. B. Pipelinebau, Untersuchungen f\u00fcr die Erd\u00f6l-\/Erdgasindustrie und Energieversorgung f\u00fchrten zur Einrichtung eines weiteren B\u00fcrostandortes in [&hellip;]","og_url":"https:\/\/dr-schleicher.staging.hrnetzwerk.de\/index.php\/firmenentwicklung\/","og_site_name":"STAGING Schleicher","article_modified_time":"2024-03-05T11:57:22+00:00","twitter_card":"summary_large_image","twitter_misc":{"Gesch\u00e4tzte Lesezeit":"3\u00a0Minuten"},"schema":{"@context":"https:\/\/schema.org","@graph":[{"@type":"WebPage","@id":"https:\/\/dr-schleicher.staging.hrnetzwerk.de\/index.php\/firmenentwicklung\/","url":"https:\/\/dr-schleicher.staging.hrnetzwerk.de\/index.php\/firmenentwicklung\/","name":"Firmenentwicklung - STAGING Schleicher","isPartOf":{"@id":"https:\/\/dr-schleicher.staging.hrnetzwerk.de\/#website"},"datePublished":"2023-01-11T15:52:46+00:00","dateModified":"2024-03-05T11:57:22+00:00","breadcrumb":{"@id":"https:\/\/dr-schleicher.staging.hrnetzwerk.de\/index.php\/firmenentwicklung\/#breadcrumb"},"inLanguage":"de","potentialAction":[{"@type":"ReadAction","target":["https:\/\/dr-schleicher.staging.hrnetzwerk.de\/index.php\/firmenentwicklung\/"]}]},{"@type":"BreadcrumbList","@id":"https:\/\/dr-schleicher.staging.hrnetzwerk.de\/index.php\/firmenentwicklung\/#breadcrumb","itemListElement":[{"@type":"ListItem","position":1,"name":"Startseite","item":"https:\/\/dr-schleicher.staging.hrnetzwerk.de\/"},{"@type":"ListItem","position":2,"name":"Firmenentwicklung"}]},{"@type":"WebSite","@id":"https:\/\/dr-schleicher.staging.hrnetzwerk.de\/#website","url":"https:\/\/dr-schleicher.staging.hrnetzwerk.de\/","name":"STAGING Schleicher","description":"","publisher":{"@id":"https:\/\/dr-schleicher.staging.hrnetzwerk.de\/#organization"},"potentialAction":[{"@type":"SearchAction","target":{"@type":"EntryPoint","urlTemplate":"https:\/\/dr-schleicher.staging.hrnetzwerk.de\/?s={search_term_string}"},"query-input":"required name=search_term_string"}],"inLanguage":"de"},{"@type":"Organization","@id":"https:\/\/dr-schleicher.staging.hrnetzwerk.de\/#organization","name":"STAGING Schleicher","url":"https:\/\/dr-schleicher.staging.hrnetzwerk.de\/","logo":{"@type":"ImageObject","inLanguage":"de","@id":"https:\/\/dr-schleicher.staging.hrnetzwerk.de\/#\/schema\/logo\/image\/","url":"https:\/\/i0.wp.com\/dr-schleicher.staging.hrnetzwerk.de\/wp-content\/uploads\/2023\/01\/logo.jpg?fit=529%2C107&ssl=1","contentUrl":"https:\/\/i0.wp.com\/dr-schleicher.staging.hrnetzwerk.de\/wp-content\/uploads\/2023\/01\/logo.jpg?fit=529%2C107&ssl=1","width":529,"height":107,"caption":"STAGING Schleicher"},"image":{"@id":"https:\/\/dr-schleicher.staging.hrnetzwerk.de\/#\/schema\/logo\/image\/"}}]}},"jetpack_sharing_enabled":true,"_links":{"self":[{"href":"https:\/\/dr-schleicher.staging.hrnetzwerk.de\/index.php\/wp-json\/wp\/v2\/pages\/80","targetHints":{"allow":["GET"]}}],"collection":[{"href":"https:\/\/dr-schleicher.staging.hrnetzwerk.de\/index.php\/wp-json\/wp\/v2\/pages"}],"about":[{"href":"https:\/\/dr-schleicher.staging.hrnetzwerk.de\/index.php\/wp-json\/wp\/v2\/types\/page"}],"author":[{"embeddable":true,"href":"https:\/\/dr-schleicher.staging.hrnetzwerk.de\/index.php\/wp-json\/wp\/v2\/users\/4"}],"replies":[{"embeddable":true,"href":"https:\/\/dr-schleicher.staging.hrnetzwerk.de\/index.php\/wp-json\/wp\/v2\/comments?post=80"}],"version-history":[{"count":4,"href":"https:\/\/dr-schleicher.staging.hrnetzwerk.de\/index.php\/wp-json\/wp\/v2\/pages\/80\/revisions"}],"predecessor-version":[{"id":200,"href":"https:\/\/dr-schleicher.staging.hrnetzwerk.de\/index.php\/wp-json\/wp\/v2\/pages\/80\/revisions\/200"}],"wp:attachment":[{"href":"https:\/\/dr-schleicher.staging.hrnetzwerk.de\/index.php\/wp-json\/wp\/v2\/media?parent=80"}],"curies":[{"name":"wp","href":"https:\/\/api.w.org\/{rel}","templated":true}]}}