{"id":216,"date":"2024-03-05T13:41:00","date_gmt":"2024-03-05T13:41:00","guid":{"rendered":"https:\/\/dr-schleicher.staging.hrnetzwerk.de\/?page_id=216"},"modified":"2024-03-05T13:52:10","modified_gmt":"2024-03-05T13:52:10","slug":"oelschaden-epe-s5","status":"publish","type":"page","link":"https:\/\/dr-schleicher.staging.hrnetzwerk.de\/index.php\/oelschaden-epe-s5\/","title":{"rendered":"\u00d6lschaden Epe S5"},"content":{"rendered":"<p>[et_pb_section fb_built=&#8220;1&#8243; admin_label=&#8220;Hero&#8220; _builder_version=&#8220;4.16&#8243; background_color=&#8220;#084666&#8243; use_background_color_gradient=&#8220;on&#8220; background_color_gradient_direction=&#8220;170deg&#8220; background_color_gradient_stops=&#8220;#002e4f 1%|rgba(8,70,102,0.8) 100%&#8220; background_color_gradient_overlays_image=&#8220;on&#8220; background_color_gradient_start=&#8220;#002e4f&#8220; background_color_gradient_start_position=&#8220;1%&#8220; background_color_gradient_end=&#8220;rgba(8,70,102,0.8)&#8220; background_image=&#8220;http:\/\/dr-schleicher.staging.hrnetzwerk.de\/wp-content\/uploads\/2023\/01\/Accountant-Image-41.jpg&#8220; custom_padding=&#8220;||203px|||&#8220; global_colors_info=&#8220;{}&#8220;][et_pb_row _builder_version=&#8220;4.16&#8243; background_size=&#8220;initial&#8220; background_position=&#8220;top_left&#8220; background_repeat=&#8220;repeat&#8220; custom_padding=&#8220;27px|0px|27px|0px|false|false&#8220; global_colors_info=&#8220;{}&#8220;][et_pb_column type=&#8220;4_4&#8243; _builder_version=&#8220;4.16&#8243; custom_padding=&#8220;|||&#8220; global_colors_info=&#8220;{}&#8220; custom_padding__hover=&#8220;|||&#8220;][et_pb_text _builder_version=&#8220;4.24.2&#8243; text_font=&#8220;||||||||&#8220; text_font_size=&#8220;18px&#8220; text_line_height=&#8220;1.2em&#8220; header_font=&#8220;Open Sans|800|||||||&#8220; header_font_size=&#8220;60px&#8220; header_line_height=&#8220;1.3em&#8220; background_size=&#8220;initial&#8220; background_position=&#8220;top_left&#8220; background_repeat=&#8220;repeat&#8220; background_layout=&#8220;dark&#8220; custom_margin=&#8220;|-76px||||&#8220; custom_margin_tablet=&#8220;|100px||&#8220; custom_margin_phone=&#8220;|30px||&#8220; custom_margin_last_edited=&#8220;off|desktop&#8220; hover_enabled=&#8220;0&#8243; header_font_size_tablet=&#8220;50px&#8220; header_font_size_phone=&#8220;40px&#8220; header_font_size_last_edited=&#8220;on|phone&#8220; header_line_height_tablet=&#8220;&#8220; header_line_height_phone=&#8220;&#8220; header_line_height_last_edited=&#8220;on|desktop&#8220; global_colors_info=&#8220;{}&#8220; sticky_enabled=&#8220;0&#8243;]<\/p>\n<h1><span style=\"font-size: xx-large;\">Roh\u00f6laustritt im Kavernenfeld Gronau-Epe <span style=\"font-size: xx-small;\">(Stand: Dezember 2016)<\/span><br \/><\/span><\/h1>\n<p style=\"text-align: justify;\"><span style=\"font-size: medium;\">Die bei der Salzgewinnung entstandenen Hohlr\u00e4ume im Kavernenfeld Gronau-Epe werden \u00fcberwiegend als Gasspeicher genutzt. Nur drei Kavernen dienen zur Einlagerung von Roh\u00f6l und stellen einen Teil der nationalen Energiereserve dar.<\/span><\/p>\n<p style=\"text-align: justify;\"><span style=\"font-size: medium;\">Im April 2014 ereignete sich ein Unfall, bei dem Roh\u00f6l durch einen Defekt an dem Steigrohr der \u00d6lkaverne S5 in der Tiefe von 217 m mit hohem Druck ins umliegende Gebirge gepresst wurde und gerichtet durch geologisch-tektonische Strukturen nord\u00f6stlich der Kaverne S5 oberirdisch austrat.<\/span><\/p>\n<p style=\"text-align: justify;\"><span style=\"font-size: medium;\">Aufgrund der Art und des Ausma\u00dfes des Umweltschadens waren erhebliche Boden- und Grundwassergef\u00e4hrdungen offensichtlich. Ferner ergab sich f\u00fcr eine Hofstelle im Schadensbereich sowie die gesamte landwirtschaftliche Nutzung im Umfeld eine akute Gefahrenlage. Es wurden ein Krisenstab und Arbeitsgruppen eingerichtet. Die Ing.-Gesellschaft Dr. Schleicher &amp; Partner erhielt vom federf\u00fchrenden Bergamt Arnsberg den Auftrag zur Koordination und gutachterlichen Begleitung des Projektes.<\/span><\/p>\n<p style=\"text-align: justify;\"><span style=\"font-size: medium;\">Im Vordergrund standen zun\u00e4chst Ma\u00dfnahmen zur Gefahrenabwehr, die mit massiven Erdarbeiten, Sicherung von Gew\u00e4ssern und dem Schutz der Anlieger einhergingen. Von besonderer Bedeutung waren der Schutz der \u00f6ffentlichen Wassergewinnung der Wasserwerke Gronau, Epe und Ahaus. Die \u00d6laustrittsstelle konnte durch Reduzierung des Druckes im Steigrohr unmittelbar nach Auftreten des Schadens gesichert werden, so dass kein weiteres \u00d6l mehr freigesetzt wurde.<\/span><\/p>\n<p style=\"text-align: justify;\"><span style=\"font-size: medium;\">Parallel dazu erfolgten gro\u00dfr\u00e4umig angelegte Erkundungsma\u00dfnahmen durch Aufschl\u00fcsse unterschiedlichster Art, wie Baggersch\u00fcrfe, Kleinrammbohrungen und Tiefbohrungen bis 300 m Tiefe. Es kamen seismische, elektromagnetische und chemisch-physikalische sowie eine Reihe wissenschaftlicher Untersuchungen zur Ausf\u00fchrung. Firmen und Institute aus dem gesamten Bundesgebiet unterst\u00fctzten mit ihrem know how die komplexen Ma\u00dfnahmen. Nach der exakten Lokalisierung der Leckagestelle erfolgt die Reparatur des Steigrohres.<\/span><\/p>\n<p style=\"text-align: justify;\"><span style=\"font-size: medium;\">Alle Ma\u00dfnahmen wurden durch ein enges \u00dcberwachungsraster und zun\u00e4chst t\u00e4gliche Wasserprobenahmen zur Sicherung der \u00f6ffentlichen und privaten Wasserversorgung begleitet. Bisher wurden \u00fcber 6.000 Proben analysiert.<\/span><\/p>\n<p style=\"text-align: justify;\"><span style=\"font-size: medium;\">Nachdem erkennbar war, dass der Nachfluss von Roh\u00f6l aus dem plastisch reagierenden Gebirge, bei dem es sich um m\u00e4chtige Tonmergelsedimente handelt, nachl\u00e4sst, begannen die Sanierungsuntersuchungen und die Aufstellung eines Sanierungsplanes nach dem Bundes-Bodenschutzgesetz. Die Sanierungsarbeiten schlossen sich unmittelbar an.<\/span><\/p>\n<p style=\"text-align: justify;\"><span style=\"font-size: medium;\">Ziel der Sanierung ist die weitgehende Dekontamination, die langfristige Sicherung des Schadens und die Rekonstruktion der Landschaft. Das Ziel wird durch den Betrieb von Tiefendr\u00e4nagen in den noch aktiven Bereichen erreicht. Die Sicherung der tiefen \u00d6lverunreinigungen ist durch eine mehrere Dekameter m\u00e4chtige geologische Barriere aus wasserstauendem Tonmergel gegeben.<\/span><\/p>\n<p style=\"text-align: justify;\"><span style=\"font-size: medium;\">Das Monitoring innerhalb der quart\u00e4ren Deckschichten und den Tiefenbereichen des Tonmergels wird bis auf weiteres fortgesetzt. Die \u00dcberwachung obliegt<\/span><\/p>\n<p style=\"text-align: justify;\"><span style=\"font-size: medium;\">Die Kosten f\u00fcr die Ma\u00dfnahmen zur Sicherung und Sanierung des Roh\u00f6lschadens hat einen 2-stelligen Millionenbetrag erreicht. Sie werden vollst\u00e4ndig vom Bergwerksbetreiber bzw. seiner Versicherung getragen.<\/span><\/p>\n<p style=\"text-align: justify;\"><span style=\"font-size: medium;\">Die Ingenieurgesellschaft Dr. Schleicher &amp; Partner freut sich sehr \u00fcber die unfallfreie Abwicklung der Erkundungs-, Sicherungs- und Sanierungsarbeiten, die sich \u00fcber mehr als 2 \u00bd Jahre erstrecken.<\/span><\/p>\n<p style=\"text-align: justify;\">\n<p>[\/et_pb_text][et_pb_button button_url=&#8220;@ET-DC@eyJkeW5hbWljIjp0cnVlLCJjb250ZW50IjoicG9zdF9saW5rX3VybF9hdHRhY2htZW50Iiwic2V0dGluZ3MiOnsicG9zdF9pZCI6IjEzNyJ9fQ==@&#8220; button_text=&#8220;Safety Award Bodensanierung Epe 2016 (PDF)&#8220; button_alignment=&#8220;center&#8220; _builder_version=&#8220;4.24.2&#8243; _dynamic_attributes=&#8220;button_url&#8220; _module_preset=&#8220;default&#8220; custom_button=&#8220;on&#8220; button_text_size=&#8220;15px&#8220; button_text_color=&#8220;#FFFFFF&#8220; global_colors_info=&#8220;{}&#8220;][\/et_pb_button][\/et_pb_column][\/et_pb_row][\/et_pb_section][et_pb_section fb_built=&#8220;1&#8243; _builder_version=&#8220;4.24.2&#8243; _module_preset=&#8220;default&#8220; custom_margin=&#8220;-155px|||||&#8220; global_colors_info=&#8220;{}&#8220;][et_pb_row column_structure=&#8220;1_2,1_2&#8243; _builder_version=&#8220;4.24.2&#8243; _module_preset=&#8220;default&#8220; max_width=&#8220;2560px&#8220; custom_margin=&#8220;-113px|auto||auto||&#8220; global_colors_info=&#8220;{}&#8220;][et_pb_column type=&#8220;1_2&#8243; _builder_version=&#8220;4.24.2&#8243; _module_preset=&#8220;default&#8220; global_colors_info=&#8220;{}&#8220;][et_pb_blurb image=&#8220;http:\/\/dr-schleicher.staging.hrnetzwerk.de\/wp-content\/uploads\/2023\/01\/Oelschaden_Epe_2016-12-1024&#215;575.jpg&#8220; content_max_width=&#8220;1000px&#8220; _builder_version=&#8220;4.24.2&#8243; _module_preset=&#8220;default&#8220; global_colors_info=&#8220;{}&#8220;]<\/p>\n<p>Abbildung 1: System der Tiefendr\u00e4nage mit Kunststoffdr\u00e4nageboxen, Grobschotter und Kontroll-\/Pumpsch\u00e4chten. Anschlie\u00dfend wird darauf ein Vlies ausgelegt und der Boden rekonstruiert (18.10.2016).<\/p>\n<p>[\/et_pb_blurb][\/et_pb_column][et_pb_column type=&#8220;1_2&#8243; _builder_version=&#8220;4.24.2&#8243; _module_preset=&#8220;default&#8220; global_colors_info=&#8220;{}&#8220;][et_pb_blurb image=&#8220;http:\/\/dr-schleicher.staging.hrnetzwerk.de\/wp-content\/uploads\/2023\/01\/Oelschaden_Epe_2_2016-12-1024&#215;575.jpg&#8220; content_max_width=&#8220;1000px&#8220; _builder_version=&#8220;4.24.2&#8243; _module_preset=&#8220;default&#8220; global_colors_info=&#8220;{}&#8220;]<\/p>\n<p>Abbildung 2: Restarbeiten nach abgeschlossener Sanierung auf Fundstelle 1. Der Boden wurde rekonstruiert und Oberboden (&#8222;Mutterboden&#8220;) angedeckt (09.12.2016).<\/p>\n<p>[\/et_pb_blurb][\/et_pb_column][\/et_pb_row][\/et_pb_section]<\/p>\n","protected":false},"excerpt":{"rendered":"<p>Roh\u00f6laustritt im Kavernenfeld Gronau-Epe (Stand: Dezember 2016) Die bei der Salzgewinnung entstandenen Hohlr\u00e4ume im Kavernenfeld Gronau-Epe werden \u00fcberwiegend als Gasspeicher genutzt. Nur drei Kavernen dienen zur Einlagerung von Roh\u00f6l und stellen einen Teil der nationalen Energiereserve dar. Im April 2014 ereignete sich ein Unfall, bei dem Roh\u00f6l durch einen Defekt an dem Steigrohr der \u00d6lkaverne [&hellip;]<\/p>\n","protected":false},"author":4,"featured_media":0,"parent":0,"menu_order":0,"comment_status":"closed","ping_status":"closed","template":"","meta":{"_et_pb_use_builder":"on","_et_pb_old_content":"","_et_gb_content_width":"","footnotes":""},"class_list":["post-216","page","type-page","status-publish","hentry"],"yoast_head":"<!-- This site is optimized with the Yoast SEO plugin v22.2 - https:\/\/yoast.com\/wordpress\/plugins\/seo\/ -->\n<title>\u00d6lschaden Epe S5 - STAGING Schleicher<\/title>\n<meta name=\"robots\" content=\"noindex, follow, max-snippet:-1, max-image-preview:large, max-video-preview:-1\" \/>\n<meta property=\"og:locale\" content=\"de_DE\" \/>\n<meta property=\"og:type\" content=\"article\" \/>\n<meta property=\"og:title\" content=\"\u00d6lschaden Epe S5 - STAGING Schleicher\" \/>\n<meta property=\"og:description\" content=\"Roh\u00f6laustritt im Kavernenfeld Gronau-Epe (Stand: Dezember 2016) Die bei der Salzgewinnung entstandenen Hohlr\u00e4ume im Kavernenfeld Gronau-Epe werden \u00fcberwiegend als Gasspeicher genutzt. Nur drei Kavernen dienen zur Einlagerung von Roh\u00f6l und stellen einen Teil der nationalen Energiereserve dar. Im April 2014 ereignete sich ein Unfall, bei dem Roh\u00f6l durch einen Defekt an dem Steigrohr der \u00d6lkaverne [&hellip;]\" \/>\n<meta property=\"og:url\" content=\"https:\/\/dr-schleicher.staging.hrnetzwerk.de\/index.php\/oelschaden-epe-s5\/\" \/>\n<meta property=\"og:site_name\" content=\"STAGING Schleicher\" \/>\n<meta property=\"article:modified_time\" content=\"2024-03-05T13:52:10+00:00\" \/>\n<meta name=\"twitter:card\" content=\"summary_large_image\" \/>\n<meta name=\"twitter:label1\" content=\"Gesch\u00e4tzte Lesezeit\" \/>\n\t<meta name=\"twitter:data1\" content=\"5\u00a0Minuten\" \/>\n<script type=\"application\/ld+json\" class=\"yoast-schema-graph\">{\"@context\":\"https:\/\/schema.org\",\"@graph\":[{\"@type\":\"WebPage\",\"@id\":\"https:\/\/dr-schleicher.staging.hrnetzwerk.de\/index.php\/oelschaden-epe-s5\/\",\"url\":\"https:\/\/dr-schleicher.staging.hrnetzwerk.de\/index.php\/oelschaden-epe-s5\/\",\"name\":\"\u00d6lschaden Epe S5 - STAGING Schleicher\",\"isPartOf\":{\"@id\":\"https:\/\/dr-schleicher.staging.hrnetzwerk.de\/#website\"},\"datePublished\":\"2024-03-05T13:41:00+00:00\",\"dateModified\":\"2024-03-05T13:52:10+00:00\",\"breadcrumb\":{\"@id\":\"https:\/\/dr-schleicher.staging.hrnetzwerk.de\/index.php\/oelschaden-epe-s5\/#breadcrumb\"},\"inLanguage\":\"de\",\"potentialAction\":[{\"@type\":\"ReadAction\",\"target\":[\"https:\/\/dr-schleicher.staging.hrnetzwerk.de\/index.php\/oelschaden-epe-s5\/\"]}]},{\"@type\":\"BreadcrumbList\",\"@id\":\"https:\/\/dr-schleicher.staging.hrnetzwerk.de\/index.php\/oelschaden-epe-s5\/#breadcrumb\",\"itemListElement\":[{\"@type\":\"ListItem\",\"position\":1,\"name\":\"Startseite\",\"item\":\"https:\/\/dr-schleicher.staging.hrnetzwerk.de\/\"},{\"@type\":\"ListItem\",\"position\":2,\"name\":\"\u00d6lschaden Epe S5\"}]},{\"@type\":\"WebSite\",\"@id\":\"https:\/\/dr-schleicher.staging.hrnetzwerk.de\/#website\",\"url\":\"https:\/\/dr-schleicher.staging.hrnetzwerk.de\/\",\"name\":\"STAGING Schleicher\",\"description\":\"\",\"publisher\":{\"@id\":\"https:\/\/dr-schleicher.staging.hrnetzwerk.de\/#organization\"},\"potentialAction\":[{\"@type\":\"SearchAction\",\"target\":{\"@type\":\"EntryPoint\",\"urlTemplate\":\"https:\/\/dr-schleicher.staging.hrnetzwerk.de\/?s={search_term_string}\"},\"query-input\":\"required name=search_term_string\"}],\"inLanguage\":\"de\"},{\"@type\":\"Organization\",\"@id\":\"https:\/\/dr-schleicher.staging.hrnetzwerk.de\/#organization\",\"name\":\"STAGING Schleicher\",\"url\":\"https:\/\/dr-schleicher.staging.hrnetzwerk.de\/\",\"logo\":{\"@type\":\"ImageObject\",\"inLanguage\":\"de\",\"@id\":\"https:\/\/dr-schleicher.staging.hrnetzwerk.de\/#\/schema\/logo\/image\/\",\"url\":\"https:\/\/i0.wp.com\/dr-schleicher.staging.hrnetzwerk.de\/wp-content\/uploads\/2023\/01\/logo.jpg?fit=529%2C107&ssl=1\",\"contentUrl\":\"https:\/\/i0.wp.com\/dr-schleicher.staging.hrnetzwerk.de\/wp-content\/uploads\/2023\/01\/logo.jpg?fit=529%2C107&ssl=1\",\"width\":529,\"height\":107,\"caption\":\"STAGING Schleicher\"},\"image\":{\"@id\":\"https:\/\/dr-schleicher.staging.hrnetzwerk.de\/#\/schema\/logo\/image\/\"}}]}<\/script>\n<!-- \/ Yoast SEO plugin. -->","yoast_head_json":{"title":"\u00d6lschaden Epe S5 - STAGING Schleicher","robots":{"index":"noindex","follow":"follow","max-snippet":"max-snippet:-1","max-image-preview":"max-image-preview:large","max-video-preview":"max-video-preview:-1"},"og_locale":"de_DE","og_type":"article","og_title":"\u00d6lschaden Epe S5 - STAGING Schleicher","og_description":"Roh\u00f6laustritt im Kavernenfeld Gronau-Epe (Stand: Dezember 2016) Die bei der Salzgewinnung entstandenen Hohlr\u00e4ume im Kavernenfeld Gronau-Epe werden \u00fcberwiegend als Gasspeicher genutzt. Nur drei Kavernen dienen zur Einlagerung von Roh\u00f6l und stellen einen Teil der nationalen Energiereserve dar. Im April 2014 ereignete sich ein Unfall, bei dem Roh\u00f6l durch einen Defekt an dem Steigrohr der \u00d6lkaverne [&hellip;]","og_url":"https:\/\/dr-schleicher.staging.hrnetzwerk.de\/index.php\/oelschaden-epe-s5\/","og_site_name":"STAGING Schleicher","article_modified_time":"2024-03-05T13:52:10+00:00","twitter_card":"summary_large_image","twitter_misc":{"Gesch\u00e4tzte Lesezeit":"5\u00a0Minuten"},"schema":{"@context":"https:\/\/schema.org","@graph":[{"@type":"WebPage","@id":"https:\/\/dr-schleicher.staging.hrnetzwerk.de\/index.php\/oelschaden-epe-s5\/","url":"https:\/\/dr-schleicher.staging.hrnetzwerk.de\/index.php\/oelschaden-epe-s5\/","name":"\u00d6lschaden Epe S5 - STAGING Schleicher","isPartOf":{"@id":"https:\/\/dr-schleicher.staging.hrnetzwerk.de\/#website"},"datePublished":"2024-03-05T13:41:00+00:00","dateModified":"2024-03-05T13:52:10+00:00","breadcrumb":{"@id":"https:\/\/dr-schleicher.staging.hrnetzwerk.de\/index.php\/oelschaden-epe-s5\/#breadcrumb"},"inLanguage":"de","potentialAction":[{"@type":"ReadAction","target":["https:\/\/dr-schleicher.staging.hrnetzwerk.de\/index.php\/oelschaden-epe-s5\/"]}]},{"@type":"BreadcrumbList","@id":"https:\/\/dr-schleicher.staging.hrnetzwerk.de\/index.php\/oelschaden-epe-s5\/#breadcrumb","itemListElement":[{"@type":"ListItem","position":1,"name":"Startseite","item":"https:\/\/dr-schleicher.staging.hrnetzwerk.de\/"},{"@type":"ListItem","position":2,"name":"\u00d6lschaden Epe S5"}]},{"@type":"WebSite","@id":"https:\/\/dr-schleicher.staging.hrnetzwerk.de\/#website","url":"https:\/\/dr-schleicher.staging.hrnetzwerk.de\/","name":"STAGING Schleicher","description":"","publisher":{"@id":"https:\/\/dr-schleicher.staging.hrnetzwerk.de\/#organization"},"potentialAction":[{"@type":"SearchAction","target":{"@type":"EntryPoint","urlTemplate":"https:\/\/dr-schleicher.staging.hrnetzwerk.de\/?s={search_term_string}"},"query-input":"required name=search_term_string"}],"inLanguage":"de"},{"@type":"Organization","@id":"https:\/\/dr-schleicher.staging.hrnetzwerk.de\/#organization","name":"STAGING Schleicher","url":"https:\/\/dr-schleicher.staging.hrnetzwerk.de\/","logo":{"@type":"ImageObject","inLanguage":"de","@id":"https:\/\/dr-schleicher.staging.hrnetzwerk.de\/#\/schema\/logo\/image\/","url":"https:\/\/i0.wp.com\/dr-schleicher.staging.hrnetzwerk.de\/wp-content\/uploads\/2023\/01\/logo.jpg?fit=529%2C107&ssl=1","contentUrl":"https:\/\/i0.wp.com\/dr-schleicher.staging.hrnetzwerk.de\/wp-content\/uploads\/2023\/01\/logo.jpg?fit=529%2C107&ssl=1","width":529,"height":107,"caption":"STAGING Schleicher"},"image":{"@id":"https:\/\/dr-schleicher.staging.hrnetzwerk.de\/#\/schema\/logo\/image\/"}}]}},"jetpack_sharing_enabled":true,"_links":{"self":[{"href":"https:\/\/dr-schleicher.staging.hrnetzwerk.de\/index.php\/wp-json\/wp\/v2\/pages\/216","targetHints":{"allow":["GET"]}}],"collection":[{"href":"https:\/\/dr-schleicher.staging.hrnetzwerk.de\/index.php\/wp-json\/wp\/v2\/pages"}],"about":[{"href":"https:\/\/dr-schleicher.staging.hrnetzwerk.de\/index.php\/wp-json\/wp\/v2\/types\/page"}],"author":[{"embeddable":true,"href":"https:\/\/dr-schleicher.staging.hrnetzwerk.de\/index.php\/wp-json\/wp\/v2\/users\/4"}],"replies":[{"embeddable":true,"href":"https:\/\/dr-schleicher.staging.hrnetzwerk.de\/index.php\/wp-json\/wp\/v2\/comments?post=216"}],"version-history":[{"count":6,"href":"https:\/\/dr-schleicher.staging.hrnetzwerk.de\/index.php\/wp-json\/wp\/v2\/pages\/216\/revisions"}],"predecessor-version":[{"id":240,"href":"https:\/\/dr-schleicher.staging.hrnetzwerk.de\/index.php\/wp-json\/wp\/v2\/pages\/216\/revisions\/240"}],"wp:attachment":[{"href":"https:\/\/dr-schleicher.staging.hrnetzwerk.de\/index.php\/wp-json\/wp\/v2\/media?parent=216"}],"curies":[{"name":"wp","href":"https:\/\/api.w.org\/{rel}","templated":true}]}}